3*f = -121 + v. What is the remainder when 64 is divided by f?
29
Let n = -23 + 40. Let a = 3115 - 3105. What is the remainder when n is divided by a?
7
Let v = -17 + 57. Suppose 5*y - 15 = v. Calculate the remainder when (-968)/(-18) - 8/(-36) is divided by y.
10
Let z = 528 + 262. What is the remainder when z is divided by 8?
6
Suppose -u - 7 = -2*b, 3*b - 31 + 7 = -3*u. Suppose -2*y + 7*y = -5*d + 430, -u*y = 5*d - 430. Calculate the remainder when d is divided by 18.
14
Suppose -3*q = -21 + 9. Suppose -12 = -4*n - q*w, 3*w + 8 = 4*n - 32. Calculate the remainder when 16 is divided by n.
2
Let b = -172 - -226. Calculate the remainder when b is divided by 29.
25
Let m be (1/1)/(1/(-1)). Let t = 6 - m. What is the remainder when (234/(-21) - -12)/((-2)/(-42)) is divided by t?
4
Let s = -603 + 621. Calculate the remainder when s is divided by 15.
3
Let v = -97 - -252. What is the remainder when v is divided by 40?
35
Let n = -3 + -2. Let h(v) = -2*v**2 - 7*v + 1. Let a be h(n). Calculate the remainder when 4/a - 153/(-21) is divided by 3.
1
Let v(q) = q**3 + 15*q**2 - q + 37. Calculate the remainder when v(-15) is divided by 15.
7
Let g(w) = 3*w**2 - 13*w + 6. Suppose 5*m = 5*b, -1 - 3 = b - 2*m. Calculate the remainder when 2 is divided by g(b).
0
Suppose 5*y - 4*s - 54 = -3*s, 3*y + 4*s - 37 = 0. What is the remainder when y is divided by 1?
0
Let r(v) = -v**3 + 7*v**2 - v + 1. Let q = 11 + -5. Suppose q*z - 2*z = -l + 40, -5*l - 64 = -4*z. Calculate the remainder when r(6) is divided by z.
9
Suppose 47*r - 11*r = 3456. Calculate the remainder when r is divided by 33.
30
Let c(b) = 16*b - 748. Let p be 0/(3/(-1) - -1). Suppose 5*t + 5*s = 315, 0 = s - p - 5. What is the remainder when t is divided by c(48)?
18
Suppose 43 = 2*d - 5. Let z = d + 25. Calculate the remainder when z is divided by 5.
4
Let p = 4 + -1. Let b = -5 + 8. What is the remainder when b is divided by p?
0
Suppose 4*s + 5*i = 55, -4*s + 0*s = -i - 37. Suppose 3*p - 160 = -2*p. Calculate the remainder when p is divided by s.
2
Suppose 7 + 20 = 3*p. Suppose p*f = -3*f + 204. What is the remainder when f is divided by 7?
3
Suppose 0 = -5*n - 0*n. Let f(t) = t**3 - 6*t**2 - 16*t + 9. Let d be f(8). Suppose -3*k = -n*k - d. Calculate the remainder when 9 is divided by k.
0
Let h(c) = -11*c - 118. Calculate the remainder when h(-47) is divided by 8.
7
Let q = -17 + 32. Calculate the remainder when (0/(-1) - -1)*53 is divided by q.
8
Let t be (-1)/3 + 21/9. Let x = 1 + t. Calculate the remainder when x is divided by (-2)/(-10) + 18/10.
1
Let g(c) be the third derivative of -c**6/20 - c**4/24 - c**3/3 + 9*c**2. Let i be g(-2). Let o = i + -31. Calculate the remainder when 31 is divided by o.
14
Let a(j) = j**2 + 7*j + 1. Let d be a(-7). Let m = d + -1. Let q(i) = -i**3 + i**2 + 2*i + 40. Calculate the remainder when q(m) is divided by 14.
12
Suppose -3*w - 1380 = -7047. Calculate the remainder when w is divided by 61.
59
Let o(k) = -4*k**2 - 15*k + 23. Let y be o(-12). Let s = 546 + y. Calculate the remainder when s is divided by 44.
41
Let n(g) be the third derivative of 31*g**4/24 - g**2. Let s = -29 - -40. Calculate the remainder when n(1) is divided by s.
9
Suppose -4*s + 4*i - 12 = -0*i, -5*s + 2*i = 3. Let t(x) = 4. Let b(l) = -l. Let z(o) = s*t(o) - 3*b(o). What is the remainder when z(11) is divided by 10?
7
Suppose -2*t = -l + 230, -4*l + 8 + 93 = -t. Let p = t + 142. What is the remainder when p is divided by 13?
12
Let o(b) = -5*b**3 - 58*b**2 - 9*b - 48. Calculate the remainder when o(-12) is divided by 21.
12
Let a(v) = -v**3 + 25*v**2 - 22*v + 32. Calculate the remainder when a(24) is divided by 28.
24
Calculate the remainder when -1*(-222 - -15) + -15 is divided by 172/6 + (-12)/18.
24
Suppose 0 = -c + 1 - 4. Let u = 1 - c. Suppose u*m - v = 3*m + 8, 0 = 3*v - 3. What is the remainder when m is divided by 6?
3
Let l(c) = 35*c + 371. Calculate the remainder when l(-6) is divided by 51.
8
Suppose 0 = -5*x + 4*a - 5*a + 20, -3*a = -15. Let s(m) = -3*m + 12. Let f be s(8). Calculate the remainder when 57/6 - (-18)/f is divided by x.
2
Let j be -1 + (-1)/2 + 77/22. Suppose -2*i = -2*v - 106, 0 = 3*i + 3*v - j*v - 175. What is the remainder when i is divided by 30?
27
Let k(s) = s**3 + 4*s**2 + s + 3. Let n be k(-3). Suppose 3*p = 4*p - n. Suppose -6*r = -p*r + 57. What is the remainder when 72 is divided by r?
15
Suppose -35 = 3*s - 4*c - 178, -2 = c. Suppose 2*f + 3*b - 6*b + 14 = 0, 3*f = -3*b - 6. What is the remainder when s is divided by (23/(-4))/(f + (-15)/(-4))?
22
Suppose 0 = -3*u + 7*u - 88. Let s(w) be the third derivative of w**4/6 - 8*w**3 + 3*w**2 + 4*w. Calculate the remainder when u is divided by s(15).
10
Let m = 18 + -27. Let p = 0 - m. Calculate the remainder when 43 is divided by p.
7
Let d = 39 - 35. Suppose 6*j - 3*j = -4*t + 37, -d*j - 44 = -4*t. Calculate the remainder when t is divided by 7.
3
Suppose -6 = -2*f, 5*c - f = 2*c + 45. What is the remainder when 318 is divided by c?
14
Suppose -4*d = f - 223, -5*d - 5*f + 388 - 113 = 0. Suppose 2*h = 6, -2*h - 3 = -g + 10. What is the remainder when d is divided by g?
18
Let l(z) = 55*z**3 + z**2 + 19*z**3 - 9*z**3 + z - 1. Suppose 26*n = 27*n - 17. What is the remainder when l(1) is divided by n?
15
Suppose -63 - 33 = -8*a. What is the remainder when 42 is divided by a?
6
What is the remainder when 32 is divided by 1/((4 + 1)/(-20)) - -28?
8
Suppose 0 = -5*r + a + 367, -7*r + 3*r + 5*a + 281 = 0. What is the remainder when r is divided by ((-6)/(-12))/(2/100)?
24
Suppose 0*t = 3*t - 42. Let c = 56 + -33. Suppose 108 = -c*s + 25*s. What is the remainder when s is divided by t?
12
Let s(z) = -z. Let m be s(-2). Suppose -11*l = -m*l - 369. Calculate the remainder when 78 is divided by l.
37
Let x(t) = t**2 + 23*t + 4. Let b be x(-23). Suppose 3*u = -k + 14, -b*u - 3*k = -4*k - 14. Calculate the remainder when 7 is divided by u.
3
Let a = -51 + 157. Suppose i - d = 19 + 3, 3*d + a = 5*i. Let c = 113 + -75. Calculate the remainder when c is divided by i.
18
Calculate the remainder when 3/(21/2) - (-3336)/84 is divided by 11.
7
Calculate the remainder when ((-219)/(-12))/(24/(-32))*-6 is divided by 25.
21
Suppose 15*d = 14*d + 3*r + 80, 0 = -d + 2*r + 78. Calculate the remainder when d is divided by 33.
8
Suppose 49*t + 798 = 56*t. What is the remainder when t is divided by 23?
22
Suppose -5*k + 12*z = 10*z - 1011, 4*z + 601 = 3*k. Calculate the remainder when k is divided by 69.
65
Let h(v) = -v**3 + v**2 + 4*v - 2. Let k be h(2). What is the remainder when 106 is divided by (-63)/14*(-8 - (k - 2))?
34
Suppose 4*g + 47*g - 3009 = 0. What is the remainder when 99 is divided by g?
40
Let t(g) = -g**3 - 4*g**2 - g + 3. Let h be (6/(-9))/(2/6). Let n be t(h). What is the remainder when 0 - (n + 93)/(-1) is divided by 23?
21
Let n = -12 + 41. Let y be ((-5)/2)/(8/(-16)). What is the remainder when 54*1 + 10/y is divided by n?
27
Let t(d) = -5*d + 28. Let i be t(5). Let o = i - -35. Calculate the remainder when o is divided by 14.
10
Suppose 3*l - 2*l - 2 = 0. Let d(q) = -q**3 + 5 + 4*q + 0*q + 8*q**l - 3*q**2 - 6. What is the remainder when 74 is divided by d(5)?
17
Suppose 821 = 5*r + 4*q, 5 - 1 = q. What is the remainder when r is divided by 25?
11
Suppose -65 = 77*c - 82*c. Calculate the remainder when 87 is divided by c.
9
Suppose k - 7 = 4*g + 8, -2*k + 48 = g. Let z = -2527 - -2615. Calculate the remainder when z is divided by k.
19
Let b = 420 + -385. Let f be (0/2)/(2 - 3). Suppose f = -w - 4*w + 45. What is the remainder when b is divided by w?
8
Let b = 35 - 21. Let y(c) = -32*c - 2. Let m be y(-3). Suppose -3*f + m + 29 = 0. What is the remainder when f is divided by b?
13
Let h(g) = 2*g + 6. Let y be h(8). Suppose -y = 2*j - 80. What is the remainder when 113 is divided by j?
26
Let j(d) = -12*d**2 + 348*d + 11. Calculate the remainder when 1175 is divided by j(29).
9
Let b = -181 + 203. What is the remainder when 108 is divided by b?
20
Let p = 1309 + -835. Calculate the remainder when p is divided by 28.
26
Suppose -1914 = -184*n - 258. What is the remainder when n is divided by 8/10*1*5?
1
Let r = 1208 + -1148. What is the remainder when 655 is divided by r?
55
Let w be -3*(-1)/1*1. Suppos